39
-121 (base 3) to base 15
-11
What is -1010 (base 5) in base 14?
-94
What is -40 (base 9) in base 6?
-100
11111001 (base 2) to base 8
371
56 (base 14) to base 13
5b
What is 1 (base 4) in base 2?
1
15 (base 8) to base 13
10
What is -44 (base 6) in base 2?
-11100
Convert 10 (base 3) to base 13.
3
220 (base 4) to base 11
37
55 (base 13) to base 16
46
Convert 9e (base 16) to base 7.
314
-5 (base 11) to base 16
-5
What is 19 (base 14) in base 15?
18
What is 101010 (base 2) in base 7?
60
Convert -35 (base 7) to base 16.
-1a
What is 9 (base 11) in base 13?
9
Convert -12 (base 11) to base 9.
-14
40 (base 13) to base 3
1221
Convert -60 (base 7) to base 8.
-52
-3 (base 4) to base 11
-3
-1 (base 6) to base 15
-1
3 (base 10) to base 9
3
What is -3 (base 10) in base 8?
-3
-12110 (base 3) to base 4
-2103
What is -3220 (base 4) in base 7?
-451
-442 (base 5) to base 7
-233
Convert -1322 (base 5) to base 13.
-134
What is -210 (base 3) in base 2?
-10101
-171 (base 12) to base 8
-345
What is -616 (base 7) in base 10?
-307
6 (base 10) to base 16
6
What is 2 (base 12) in base 4?
2
Convert 20 (base 11) to base 15.
17
Convert -14 (base 6) to base 13.
-a
Convert -10 (base 16) to base 3.
-121
-3 (base 8) to base 12
-3
-53 (base 8) to base 6
-111
Convert 4 (base 9) to base 3.
11
What is -d (base 16) in base 3?
-111
-43 (base 8) to base 10
-35
Convert 23 (base 10) to base 6.
35
-182 (base 14) to base 9
-374
What is 0 (base 9) in base 13?
0
3 (base 6) to base 7
3
What is 17 (base 16) in base 12?
1b
What is 1 (base 10) in base 7?
1
Convert -32 (base 15) to base 5.
-142
204 (base 9) to base 3
20011
What is 4 (base 6) in base 2?
100
Convert 33 (base 4) to base 8.
17
Convert -18 (base 9) to base 2.
-10001
What is -15 (base 14) in base 8?
-23
1 (base 6) to base 15
1
-3 (base 6) to base 4
-3
Convert -3 (base 6) to base 2.
-11
-4 (base 14) to base 12
-4
-2 (base 9) to base 7
-2
-158 (base 10) to base 16
-9e
-3 (base 6) to base 13
-3
Convert 2 (base 7) to base 15.
2
What is 3 (base 10) in base 2?
11
Convert 12 (base 3) to base 15.
5
Convert -109 (base 11) to base 10.
-130
-244 (base 6) to base 13
-79
Convert -1001011 (base 2) to base 15.
-50
What is -8 (base 15) in base 11?
-8
-9 (base 10) to base 12
-9
What is -1 (base 5) in base 16?
-1
What is 11000 (base 2) in base 16?
18
What is 12 (base 10) in base 9?
13
Convert 101110 (base 2) to base 14.
34
9 (base 10) to base 14
9
Convert 3 (base 16) to base 4.
3
Convert -202 (base 6) to base 16.
-4a
What is a4 (base 16) in base 8?
244
Convert 6 (base 7) to base 5.
11
What is 4 (base 5) in base 16?
4
Convert -3332 (base 4) to base 11.
-211
-4 (base 7) to base 16
-4
Convert 2e (base 15) to base 4.
230
8 (base 11) to base 9
8
Convert 10 (base 3) to base 13.
3
Convert 18d (base 14) to base 5.
2241
What is -30 (base 10) in base 7?
-42
What is 41 (base 12) in base 10?
49
What is 321 (base 4) in base 13?
45
Convert -121 (base 3) to base 12.
-14
-11 (base 4) to base 2
-101
Convert 2 (base 9) to base 13.
2
Convert 37 (base 14) to base 11.
45
Convert 22 (base 6) to base 16.
e
What is 2 (base 9) in base 4?
2
What is 3 (base 16) in base 11?
3
What is -2 (base 3) in base 11?
-2
10111001 (base 2) to base 5
1220
-101 (base 2) to base 4
-11
Convert 3 (base 7) to base 2.
11
What is -12 (base 10) in base 14?
-c
Convert -10111100 (base 2) to base 14.
-d6
Convert 3 (base 12) to base 11.
3
Convert 1220 (base 5) to base 9.
225
Convert -2c (base 16) to base 10.
-44
What is 4b (base 13) in base 12?
53
What is -100000110 (base 2) in base 4?
-10012
Convert 2 (base 7) to base 2.
10
What is -1104 (base 6) in base 4?
-10000
What is 131 (base 8) in base 15?
5e
1 (base 3) to base 5
1
Convert -4 (base 8) to base 12.
-4
-20 (base 8) to base 6
-24
Convert -12 (base 4) to base 15.
-6
Convert -24 (base 13) to base 2.
-11110
-214 (base 7) to base 15
-74
-11 (base 4) to base 3
-12
What is -62 (base 8) in base 16?
-32
Convert -1232 (base 4) to base 7.
-215
What is -180 (base 11) in base 4?
-3101
-3 (base 10) to base 9
-3
What is 1001 (base 2) in base 14?
9
What is 62 (base 8) in base 11?
46
4 (base 7) to base 13
4
21 (base 4) to base 15
9
0 (base 3) to base 6
0
What is 3 (base 16) in base 12?
3
-58 (base 14) to base 2
-1001110
Convert -78 (base 13) to base 7.
-201
1 (base 6) to base 4
1
-117 (base 15) to base 14
-139
Convert -6 (base 13) to base 12.
-6
Convert 3 (base 7) to base 5.
3
What is 2 (base 4) in base 7?
2
What is -1042 (base 5) in base 14?
-a7
2 (base 3) to base 6
2
Convert -11 (base 11) to base 7.
-15
Convert 6 (base 8) to base 4.
12
9 (base 16) to base 8
11
Convert -9 (base 11) to base 4.
-21
Convert 2a (base 16) to base 14.
30
Convert 47 (base 8) to base 3.
1110
Convert -241 (base 8) to base 2.
-10100001
-46 (base 11) to base 14
-38
5 (base 13) to base 2
101
Convert 3013 (base 4) to base 5.
1244
Convert 34 (base 6) to base 15.
17
1 (base 3) to base 7
1
-6 (base 13) to base 15
-6
What is 0 (base 7) in base 16?
0
3 (base 8) to base 15
3
0 (base 12) to base 13
0
Convert -21 (base 5) to base 6.
-15
Convert 10 (base 6) to base 15.
6
What is 84 (base 10) in base 11?
77
What is -11 (base 3) in base 11?
-4
Convert 1e (base 16) to base 8.
36
2d (base 14) to base 13
32
Convert -2 (base 11) to base 15.
-2
-5 (base 16) to base 14
-5
Convert 3 (base 10) to base 8.
3
Convert 10100111 (base 2) to base 12.
11b
Convert 50 (base 6) to base 15.
20
Convert -20 (base 9) to base 13.
-15
Convert -4 (base 9) to base 7.
-4
What is -3 (base 15) in base 13?
-3
1101010 (base 2) to base 7
211
5 (base 8) to base 3
12
Convert 124 (base 11) to base 14.
a7
What is 33 (base 14) in base 7?
63
Convert -2 (base 10) to base 15.
-2
2 (base 6) to base 11
2
What is -2 (base 16) in base 13?
-2
-3 (base 11) to base 9
-3
Convert 243 (base 7) to base 3.
11210
Convert -23 (base 6) to base 13.
-12
Convert 2 (base 16) to base 5.
2
11 (base 11) to base 12
10
Convert 5 (base 10) to base 7.
5
-7 (base 16) to base 13
-7
-3 (base 15) to base 8
-3
-1000000 (base 2) to base 8
-100
What is 123 (base 4) in base 12?
23
Convert 45 (base 10) to base 3.
1200
8 (base 12) to base 9
8
-261 (base 7) to base 6
-353
What is 21 (base 3) in base 8?
7
Convert 3 (base 8) to base 13.
3
Convert 10 (base 13) to base 11.
12
-200 (base 5) to base 4
-302
Convert -59 (base 16) to base 12.
-75
-1 (base 6) to base 8
-1
Convert 2 (base 13) to base 4.
2
What is 5 (base 7) in base 13?
5
Convert 206 (base 8) to base 13.
a4
What is 0 (base 13) in base 16?
0
11 (base 3) to base 7
4
c (base 14) to base 16
c
Convert 3 (base 11) to base 2.
11
What is -5 (base 12) in base 8?
-5
Convert 0 (base 6) to base 13.
0
What is -23 (base 14) in base 3?
-1011
Convert 1 (base 10) to base 16.
1
What is -8 (base 13) in base 5?
-13
Convert -97 (base 16) to base 13.
-b8
Convert -10000 (base 2) to base 16.
-10
What is -80 (base 16) in base 12?
-a8
30 (base 6) to base 12
16
Convert -5 (base 10) to base 6.
-5
-73 (base 16) to base 7
-223
Convert 3 (base 12) to base 6.
3
Convert 110 (base 2) to base 5.
11
What is 131 (base 6) in base 2?
110111
What is 154 (base 7) in base 9?
107
Convert 20 (base 8) to base 5.
31
Convert 0 (base 2) to base 13.
0
What is 8 (base 10) in base 13?
8
-2 (base 3) to base 8
-2
-33 (base 5) to base 10
-18
Convert -5 (base 14) to base 11.
-5
What is -1 (base 11) in base 6?
-1
What is 64 (base 10) in base 14?
48
-a (base 16) to base 5
-20
What is -1d (base 15) in base 16?
-1c
-220 (base 9) to base 3
-20200
Convert -3 (base 7) to base 9.
-3
-56 (base 7) to base 10
-41
Convert 6 (base 12) to base 14.
6
24 (base 6) to base 2
10000
-6 (base 8) to base 16
-6
100 (base 2) to base 3
11
Convert -2 (base 3) to base 11.
-2
What is -6 (base 14) in base 13?
-6
What is 0 (base 13) in base 14?
0
-2 (base 14) to base 9
-2
Convert -34 (base 7) to base 15.
-1a
Convert 4 (base 13) to base 5.
4
Convert 2 (base 15) to base 3.
2
Convert -1301 (base 4) to base 6.
-305
Convert -3 (base 8) to base 6.
-3
What is 6 (base 16) in base 6?
10
Convert -52 (base 13) to base 16.
-43
Convert -5 (base 6) to base 7.
-5
17 (base 10) to base 16
11
What is -2 (base 10) in base 8?
-2
1 (base 9) to base 6
1
What is -8 (base 9) in base 8?
-10
Convert 2 (base 8) to base 4.
2
Convert -10011001 (base 2) to base 11.
-12a
Convert -201 (base 5) to base 11.
-47
124 (base 7) to base 3
2111